divisor of c and n?
10
Let c be (-6 - -7)*(1 - 5). Let s = c + 11. Calculate the highest common divisor of s and 63.
7
Suppose -1 = 2*o + 3*k - 73, o - 2*k - 36 = 0. Calculate the greatest common factor of o and 396.
36
Let h be 1*20 + (-10 - -12). What is the highest common factor of 55 and h?
11
Suppose 3 = -x - 2*x + 3*m, 5*m - 9 = 3*x. Suppose x*s - 2*t - 418 = 0, -5*s + t = -1144 + 103. What is the greatest common factor of s and 26?
26
Let l(a) = -a**2 - 15*a - 10. Let p be l(-13). Calculate the highest common divisor of 64 and p.
16
Let h(x) = -13*x**3 - 2*x**2 + 1. Let p be h(-1). What is the highest common divisor of p and 4?
4
Let q = -4 + 8. Suppose -3*s + 4*s = -3*m + 18, -4*s - q*m = -40. What is the greatest common divisor of s and 2?
2
Suppose -2*q = -3*q + 51. Suppose 0 = -x - w + 29, -x - 48 = -3*x - 4*w. Calculate the greatest common factor of x and q.
17
Let z(k) = -k - 1. Let s(w) = 16*w**2 - 48*w - 48. Let m(u) = s(u) - 48*z(u). Let o be m(1). Calculate the greatest common divisor of 4 and o.
4
Let m(d) = -d - 4. Let t be m(-7). Suppose -32 = -t*x - x. What is the highest common divisor of 4 and x?
4
Let p(b) = -b**2 - 9*b - 2. Let d be p(-9). Let j(a) = 4*a**2 + 2. Let m be j(d). Let i = 4 + m. Calculate the highest common factor of i and 11.
11
Suppose 0 = -3*m - 2*v - 287, 5*m + 5*v - 276 = -751. Let s be (m - -1)/(14/(-21)). Let f = -27 + 45. What is the greatest common divisor of s and f?
18
Suppose 5*x - 2*r - 3*r - 1345 = 0, 3*x - 839 = -5*r. Calculate the greatest common divisor of x and 39.
39
Suppose -2*z + 9 - 3 = 0. Let u be 1*1/(z/21). What is the highest common factor of u and 35?
7
Let w be (-15)/(-2)*-2*-3. Calculate the highest common factor of w and 225.
45
Suppose -q = 4, 4 = 4*z - 0*z - q. Suppose z = 4*g - 414 + 90. What is the greatest common factor of g and 27?
27
Let y(u) = -3*u**2 + 6*u + 2*u**2 - u**2 + 5*u**2 + 3. Let l be y(-4). Suppose 2*c - 54 = -c. Calculate the highest common divisor of l and c.
9
Suppose -4 + 400 = 4*o + 2*a, -2*a = 0. What is the greatest common factor of 11 and o?
11
Suppose 0*y - 20 = -2*y. Suppose 0*r - y = -r. Calculate the greatest common divisor of 2 and r.
2
Let r(q) = q**2 - 5*q + 4. Let w(f) = f + 1. Let i be w(-7). Let o be r(i). Calculate the highest common divisor of o and 14.
14
Let t = -27 - -61. What is the greatest common factor of 306 and t?
34
Let b(y) = y**2 + 4*y + 4. Suppose 0*s + 5*s - 20 = 0. Let a be b(s). Let h be (a/(-10))/(1/(-5)). What is the highest common factor of 27 and h?
9
Let v be (-5 - (-78)/12)/(1/2). Calculate the highest common factor of v and 1.
1
Let v = 24 - 14. Suppose -g = -b + v, -g - 12 = 2*g. Let u be ((-14)/4)/((-3)/b). Calculate the greatest common factor of u and 49.
7
Suppose -4*i = -5*f - 15 + 67, 4*f + 3*i = 54. Calculate the highest common divisor of f and 60.
12
Let x = 81 - 71. Calculate the highest common divisor of x and 15.
5
Let p(l) = 5*l**2 - 6*l + 3. Let g be p(8). Calculate the greatest common divisor of 25 and g.
25
Let g be 1/5 - (-2516)/20. Suppose 2*b - g = -0*b. Let r = -4 - -11. Calculate the greatest common factor of r and b.
7
Suppose 36 = 3*u + 2*u + 3*x, -u - 2*x = -10. Calculate the highest common divisor of u and 4.
2
Let z(i) = 7*i + 12. Let v(q) = 50*q + 85. Let c(y) = -2*v(y) + 15*z(y). Let k be c(9). What is the highest common divisor of 22 and k?
11
Let a(k) = -k + 138. Let r be a(0). Suppose -3*f + 51 = x - 0*x, r = 3*x + 4*f. What is the greatest common factor of x and 14?
14
Let m be 334/14 - 1/(-7). Calculate the highest common divisor of 16 and m.
8
Let v = 19 - -16. What is the highest common divisor of 7 and v?
7
Suppose -206 - 582 = -4*p + 3*o, 788 = 4*p + 3*o. Suppose 5*f = -3*i + 2*i + 323, 3*f = i + p. What is the highest common factor of f and 26?
13
Suppose -f + 6 = -d, -4*f - 4*d + 37 = -3. Let c be (-6)/4*(-4)/6. Let i be 23 + 3 + (-1 - c). Calculate the greatest common divisor of i and f.
8
Let t(d) = d - 7. Let i be 1/2 + 21/2. Let j be t(i). Suppose -j*x - 48 = -156. What is the greatest common factor of x and 18?
9
Suppose -4*r - 5*i + 2 = 0, -2*r - 2*i = 3*r - 11. Let a be ((-6)/4)/((-2)/32). Suppose d - a = -d. Calculate the highest common factor of r and d.
3
Let u(m) = m + 6. Let w(x) = -x - 6. Let t(k) = 5*u(k) + 4*w(k). Let a be t(11). Let q = 24 - a. Calculate the greatest common divisor of q and 14.
7
Suppose -3*u = -5*u + 20. Let d = u - 3. Calculate the greatest common factor of d and 49.
7
Let r(c) = -c**3 + 8*c**2 + c - 5. Let a be r(8). Suppose 6 + a = 3*t. Let q be (3/2)/3*24. What is the highest common factor of t and q?
3
Let q(s) = 4*s**2. Let v be q(2). Let d = 38 - v. Let t be 35 + (-7)/((-7)/(-2)). Calculate the highest common factor of d and t.
11
Suppose 3*q - 2*k - 11 = -0*k, 0 = -2*k - 2. Calculate the greatest common factor of q and 1.
1
Let r = -12 + 22. Calculate the highest common factor of r and 10.
10
Let a(c) = -2*c**2 + 3*c + 1. Suppose 0 = -g - 0*g - 5. Let d be a(g). Let h be d/(-10)*(-1 + 6). Calculate the greatest common factor of h and 8.
8
Suppose 2*l - 30 = -0*l. Let f be 221/5 + (-3)/l. Let a be (f/(-6))/(2/(-6)). Calculate the highest common divisor of 2 and a.
2
Suppose -39 = -3*w + 24. Suppose -y = -3*x + 18, 2*x - 5*x + 12 = -3*y. What is the highest common factor of x and w?
7
Suppose r = -3*r - 4*g + 1004, -4*g = 8. Suppose 5*t = -2*s + 111, -3*t - 5*s + 61 = -s. What is the highest common divisor of t and r?
23
Suppose -5*g - 66 = 129. Let q be (-6)/4 + g/(-2). Calculate the highest common factor of q and 2.
2
Let n = -10 - -8. Let f be (-5 + 6)/((-1)/n). Suppose -f*l + 76 = 5*b, -3*l + 100 + 52 = -2*b. Calculate the highest common factor of 12 and l.
12
Suppose 4*m + 54 = 7*m. Calculate the greatest common factor of 54 and m.
18
Let x = 6 + -6. Suppose 5*h = x, 4*j + 2*h + 4 - 44 = 0. Calculate the greatest common factor of 40 and j.
10
Suppose -3*h = 2*h - 4*l - 154, l + 1 = 0. Let w = -8 - -13. Let q = 0 + w. What is the greatest common factor of q and h?
5
Suppose -2*l + g = -76, -l - 204 = -6*l - g. Suppose -40 = -2*s - 2*s. Calculate the greatest common factor of s and l.
10
Let f be ((-4)/(-6))/(4/30). Suppose 5*c - 31 = -u, 0*u + 42 = 2*u + f*c. What is the greatest common divisor of 88 and u?
11
Let a = -12 - -16. Suppose 111 = i - 3*p, -a*p - 4 = -3*p. What is the greatest common factor of i and 9?
9
Let z = -33 - -44. Calculate the greatest common divisor of z and 22.
11
Suppose 0*o - s = -o + 6, 4*s + 16 = 0. Suppose 3*i - 3 = -4*x, i - o = 2*x - 1. Calculate the highest common divisor of 4 and i.
1
Suppose -4*i = -f - 81, 2*i - 4*f = 41 + 3. What is the greatest common factor of 70 and i?
10
Let i be (9/(-15))/(2/10). Let t be (-2 - -13)/((-1)/i). Calculate the greatest common factor of t and 22.
11
Let d = 165 - 155. Calculate the highest common factor of d and 25.
5
Let x be 5/75*-3 - (-408)/15. Calculate the highest common divisor of 243 and x.
27
Suppose 11 = 4*i - 3*j, -2*j = 4*i - i - 4. Suppose 2*q + i*q = 40. Calculate the greatest common divisor of q and 60.
10
Let w be 1154/8 - 12/(-16). What is the highest common divisor of w and 58?
29
Let i(u) = -u**2 - 7*u - 3. Let v be i(-6). Suppose 0 = -2*d - v*d + 220. Suppose d = 4*a + 4. Calculate the greatest common divisor of 5 and a.
5
Let c(z) = 22*z - 36. Let u be c(4). What is the highest common factor of u and 78?
26
Suppose -4*b - 3*r + 2*r + 8 = 0, -3*b = -r - 6. Let u be (1 - -1) + 1 + -1. Suppose -u*q + 0 = -4. What is the highest common divisor of q and b?
2
Let m be (-3)/(-12) - 93/(-12). What is the greatest common divisor of m and 32?
8
Let t = 28 - 16. What is the highest common factor of 108 and t?
12
Let g = 7 - 5. Let x = 2 - g. Suppose x = -i - 5 + 13. Calculate the highest common factor of i and 8.
8
Let c = 26 - 9. Suppose c - 113 = -4*x. What is the greatest common factor of 12 and x?
12
Suppose -b + 8 = -4*k - 6, 2*k - 4 = -5*b. Suppose b*r - 15 = 1. Suppose 0 = -p - 4*p + 240. What is the highest common divisor of r and p?
8
Let w(u) be the second derivative of 3*u**3/2 + u. Let t be w(2). What is the greatest common divisor of 27 and t?
9
Suppose 2*z = -2*c + 14, -2*c - 3*c - z + 23 = 0. Suppose -2*l = -4 - c. Suppose 0 = 2*p - l. C